 6973552 is divided by 161?
159
What is the remainder when 9089296 is divided by 27796?
4
Calculate the remainder when 3541239 is divided by 1202.
147
What is the remainder when 4119633 is divided by 2059703?
227
Calculate the remainder when 71737597 is divided by 74.
73
Calculate the remainder when 91736 is divided by 5731.
40
What is the remainder when 2976372 is divided by 287?
182
Calculate the remainder when 55439750 is divided by 293332.
2
Calculate the remainder when 234322 is divided by 234.
88
Calculate the remainder when 1711407 is divided by 1091.
719
Calculate the remainder when 6948677 is divided by 419.
400
Calculate the remainder when 5751356 is divided by 550.
6
What is the remainder when 6467295 is divided by 306?
291
What is the remainder when 58774356 is divided by 12?
0
What is the remainder when 17645558 is divided by 1960617?
5
Calculate the remainder when 18448825 is divided by 165.
10
Calculate the remainder when 20706191 is divided by 156.
155
Calculate the remainder when 533205 is divided by 266569.
67
What is the remainder when 363884801 is divided by 42?
35
Calculate the remainder when 228196 is divided by 19008.
100
Calculate the remainder when 289088 is divided by 7463.
5494
Calculate the remainder when 72758886 is divided by 8.
6
Calculate the remainder when 18501268 is divided by 51.
49
What is the remainder when 20794683 is divided by 1393?
1372
What is the remainder when 8014141 is divided by 12425?
16
Calculate the remainder when 4017302 is divided by 277.
248
Calculate the remainder when 21522 is divided by 21446.
76
What is the remainder when 1226711 is divided by 204436?
95
Calculate the remainder when 1936126 is divided by 5190.
256
What is the remainder when 9953248 is divided by 119918?
54
What is the remainder when 119886 is divided by 13312?
78
Calculate the remainder when 8232435 is divided by 110.
35
Calculate the remainder when 47627682 is divided by 39.
24
What is the remainder when 67883 is divided by 5040?
2363
Calculate the remainder when 10898367 is divided by 49538.
7
Calculate the remainder when 23276250 is divided by 211.
207
Calculate the remainder when 15156 is divided by 53.
51
Calculate the remainder when 1217273 is divided by 1284.
41
Calculate the remainder when 55424 is divided by 13652.
816
Calculate the remainder when 13822481 is divided by 24.
17
Calculate the remainder when 1423392 is divided by 43130.
102
What is the remainder when 2135612 is divided by 93?
53
What is the remainder when 10311364 is divided by 606550?
14
What is the remainder when 25960023 is divided by 13957?
3
What is the remainder when 841603 is divided by 140229?
229
Calculate the remainder when 119954138 is divided by 2011.
2010
What is the remainder when 357425 is divided by 32427?
728
Calculate the remainder when 948960 is divided by 135547.
131
What is the remainder when 16994031 is divided by 161?
159
What is the remainder when 1016908 is divided by 1257?
1252
Calculate the remainder when 715324 is divided by 198.
148
What is the remainder when 3130681 is divided by 44?
37
Calculate the remainder when 29962047 is divided by 2968.
87
What is the remainder when 385483 is divided by 2924?
2439
What is the remainder when 216157 is divided by 1880?
1837
Calculate the remainder when 19719215 is divided by 132.
131
Calculate the remainder when 6040166 is divided by 30975.
41
What is the remainder when 256160 is divided by 1376?
224
Calculate the remainder when 143888 is divided by 126.
122
Calculate the remainder when 13406105 is divided by 6703011.
83
Calculate the remainder when 1160323 is divided by 1934.
1857
What is the remainder when 318962593 is divided by 766737?
1
Calculate the remainder when 511217 is divided by 170289.
350
Calculate the remainder when 231201 is divided by 707.
12
Calculate the remainder when 17238959 is divided by 1278.
17
What is the remainder when 2851484 is divided by 260?
64
Calculate the remainder when 2767402 is divided by 104.
66
What is the remainder when 43470272 is divided by 1213?
1204
Calculate the remainder when 1368775 is divided by 1552.
1463
Calculate the remainder when 1412948 is divided by 28258.
48
Calculate the remainder when 2561694 is divided by 3171.
2697
Calculate the remainder when 152452 is divided by 1795.
1672
Calculate the remainder when 241639 is divided by 4008.
1159
What is the remainder when 802349 is divided by 3384?
341
Calculate the remainder when 29220664 is divided by 48.
40
Calculate the remainder when 8069369 is divided by 486.
311
Calculate the remainder when 112258357 is divided by 20.
17
Calculate the remainder when 18592506 is divided by 115.
111
What is the remainder when 10266585 is divided by 1148?
21
Calculate the remainder when 999397 is divided by 37.
27
What is the remainder when 16062656 is divided by 185?
31
Calculate the remainder when 6060633 is divided by 918.
915
Calculate the remainder when 3816121 is divided by 1908056.
9
Calculate the remainder when 176811 is divided by 176740.
71
Calculate the remainder when 500320 is divided by 409.
113
What is the remainder when 783533 is divided by 783469?
64
Calculate the remainder when 333086650 is divided by 57.
25
Calculate the remainder when 70382966 is divided by 18.
14
What is the remainder when 23212445 is divided by 3868739?
11
What is the remainder when 644512769 is divided by 10?
9
What is the remainder when 47143 is divided by 1627?
1587
Calculate the remainder when 25793 is divided by 1362.
1277
What is the remainder when 116032 is divided by 1085?
1022
What is the remainder when 291576 is divided by 58291?
121
Calculate the remainder when 47117 is divided by 5632.
2061
Calculate the remainder when 24515 is divided by 2672.
467
What is the remainder when 31734 is divided by 6825?
4434
What is the remainder when 57211 is divided by 1267?
196
What is the remainder when 1018994 is divided by 1926?
140
What is the remainder when 117978 is divided by 1403?
126
Calculate the remainder when 6688 is divided by 91.
45
Calculate the remainder when 27007600 is divided by 1645.
1635
What is the remainder when 8614498 is divided by 93?
1
What is the remainder when 433607 is divided by 2319?
2273
Calculate the remainder when 27603853 is divided by 2192.
2189
Calculate the remainder when 44438292 is divided by 3219.
3216
Calculate the remainder when 94253 is divided by 31403.
44
Calculate the remainder when 8314834 is divided by 11057.
11027
Calculate the remainder when 90315462 is divided by 25.
12
What is the remainder when 12126047 is divided by 24747?
17
Calculate the remainder when 625847 is divided by 889.
880
Calculate the remainder when 50296328 is divided by 5029631.
18
Calculate the remainder when 7649629 is divided by 67695.
94
Calculate the remainder when 92801889 is divided by 38555.
4
Calculate the remainder when 245135 is divided by 2202.
713
Calculate the remainder when 54512417 is divided by 2805.
47
What is the remainder when 20049 is divided by 2811?
372
Calculate the remainder when 10351 is divided by 374.
253
What is the remainder when 7483553 is divided by 35?
28
What is the remainder when 1981043 is divided by 7025?
7018
Calculate the remainder when 8343315 is divided by 1669.
1653
What is the remainder when 39771 is divided by 686?
669
Calculate the remainder when 2415095 is divided by 107.
105
What is the remainder when 1778734 is divided by 3?
1
Calculate the remainder when 62563 is divided by 215.
213
Calculate the remainder when 737459 is divided by 351.
8
Calculate the remainder when 23354 is divided by 2113.
111
What is the remainder when 210970051 is divided by 1817?
1815
Calculate the remainder when 919022 is divided by 354.
38
Calculate the remainder when 622463 is divided by 2535.
1388
What is the remainder when 76843 is divided by 11545?
7573
Calculate the remainder when 1505131 is divided by 999.
637
Calculate the remainder when 682893 is divided by 97126.
3011
Calculate the remainder when 736550 is divided by 203.
66
Calculate the remainder when 100380 is divided by 92583.
7797
What is the remainder when 408296046 is divided by 2468?
2466
What is the remainder when 247540 is divided by 327?
1
Calculate the remainder when 869418 is divided by 16.
10